- 2*z(f). Let u be ((-18)/5)/((-9)/90). Suppose -3*p + y = 2*p + u, -y - 34 = 5*p. What is x(p)?
9
Let r be 14*((-9)/6)/3. Let u = 264 + -262. Let q(g) = g**2 - 7*g**u + 3*g - 143 + g**3 + 135 - 2*g**3. Determine q(r).
20
Let d(z) = -z**2 - 7*z + 4. Let x(l) = l**2 + 7*l + 4. Let g(f) = 5*f + 62. Let c be g(-13). Let j be x(c). Determine d(j).
-4
Let d = 1772 - 754. Let s = -1654 + 2673. Let b(i) = d - i - s + 2*i. Give b(-1).
-2
Let l(d) = -478*d - 22454. Let x(n) = 48*n + 2245. Let s(t) = 2*l(t) + 21*x(t). What is s(-43)?
1
Let v(q) = -q**3 - 8*q**2. Suppose -3*p + 2*b + 223 = 0, -5*b = -4*b + 5. Let h = -79 + p. Let j be v(h). Let c(r) = r**2 - r + 11. Determine c(j).
11
Suppose 59 = 53*n - 153. Let a(v) = 6*v - 20. Give a(n).
4
Let r = -619 + 630. Let h(g) = 151*g - 3 + 161*g - 306*g + 2 + r. Determine h(-4).
-14
Let d(c) = c**2 - 20*c + 43. Let x be d(19). Suppose x = y - 7*y. Let h(r) = -2*r + 3. Give h(y).
11
Let l(j) be the first derivative of -29 + j - j**2 + 7*j**4 + 2/3*j**3. What is l(1)?
29
Let r(u) = u**3 - 6*u**2 - u + 5. Suppose 2*h = 3*v + 17, 348*h - 351*h - 4*v = 0. Calculate r(h).
-31
Let u be -2*-3*(-1)/(-3). Suppose 4*r + u*m = 84, m + 11 + 4 = r. Let h(x) = -2 + 8*x**2 + x**3 + 3 - 4*x**2 + r*x - 25*x. Calculate h(-5).
6
Let s(t) = -2*t + 25. Let b(o) = o - 13. Let c(n) = 5*b(n) + 3*s(n). Suppose -2 = -y + 3. Let w(k) = -k**2 + 4*k + 11. Let v be w(y). Determine c(v).
4
Let o(a) be the first derivative of a**3/3 + 9*a**2/2 - 6*a + 3. Suppose -230*r = 242*r - 450*r + 220. Give o(r).
4
Let f(y) = 5*y**2 - 2. Suppose 20*a = 28*a - 136. Suppose 4*c = -3*l - a, -2*c - 3*l + 16 = 29. Calculate f(c).
18
Let w(y) = -y**2 + 25*y + 151. Suppose 0 = 4*x - 2*o - 120, -2*o = 3*x - 62 - 28. Determine w(x).
1
Let x(w) = w**2 + 6*w - 301. Let g(c) = c**2 + 6*c - 204. Let q(r) = 3*g(r) - 2*x(r). Give q(4).
30
Let n be (2/(-8) - 26/(-8)) + (-44 - -47). Let a(p) = -15*p + 105. What is a(n)?
15
Let t be (177/(-6))/(2/(-20)). Let n = -156 + t. Let o = n - 139. Let h(u) = -u**2 - 13. Determine h(o).
-13
Let l(c) = 2*c + 12. Suppose 31*x - 35*x = -2*r - 16, 2*r - 3*x = -10. Calculate l(r).
20
Suppose 0 = -2*b + 3*m - 2*m + 27, -16 = -b - 2*m. Suppose -3*g - 6 = 3*t, 3*t = -g + 2 - b. Let d(l) = l**g - 5 - 5 - 9*l - 7*l**2 + 9. Calculate d(8).
-9
Suppose 21*m - 160 = 155. Let s be ((-20)/m)/((-5)/30). Let f(w) = w**2 - 8*w + 4. Calculate f(s).
4
Let c(g) be the first derivative of 3*g**4/4 + g**3 - g**2/2 + g - 376. What is c(-3)?
-50
Let t(n) = 2*n**2 + 9*n + 1. Let l = 13 + -5. Suppose 3*v - i + 16 = 0, 2*v + l = -3*i - 10. Calculate t(v).
19
Let z(w) = -w**3 - 4*w**2 - w. Let c(s) = -10*s**3 - 18*s**2 - 4*s - 2. Let r be (-8)/18 + (-52)/(-36). Let u(q) = r*c(q) - 5*z(q). Determine u(2).
-32
Let b(j) = j**3 - 35*j**2 + 123*j + 46. Let q be b(31). Let x(l) = l**2 - 12*l - 18. Give x(q).
27
Let a = -21 - -24. Suppose -a*v - 27 = -42. Suppose 2*g + v - 15 = 0. Let o(f) = f**3 - 6*f**2 + 6*f. Give o(g).
5
Suppose -4*m = 1 + 7, u = -3*m - 10. Let r be u/(-14) - (138/42 - 4). Let b(d) = -2*d + 1. Determine b(r).
-1
Let h(v) = -v**2 - 8*v - 2. Let d(y) = -y**2 - 6*y - 2. Let g(p) = 4*d(p) - 3*h(p). Let z(u) = 2*u**2 + 8. Let x(a) = -4*g(a) - z(a). Calculate x(2).
8
Let v(h) be the second derivative of -7/6*h**3 + 0 - 2*h**2 - 1/12*h**4 - 12*h. Let w(q) = -q**3 - 6*q**2 - 7. Let k be w(-6). Give v(k).
-4
Suppose -6*a + 3*r = -5*a + 6, -r - 46 = -3*a. Let v(h) = h**2 - 19*h + 3. Determine v(a).
-15
Let h(u) = -3*u**3 - 9*u**2 - 7*u + 7. Let f(k) = -k**3 - k**2 - k. Let t(a) = 2*f(a) - h(a). Let y be t(-6). Let i(d) = 18*d. What is i(y)?
-18
Let w(r) = r**2 + 6*r - 7. Let f = 721 - 510. Let a = -219 + f. What is w(a)?
9
Let d(s) = -4*s + 8. Suppose 0*c - 4*m = -5*c + 3, -9 = -4*c + m. Let a(k) = -6 + k**c - 13*k**2 + 2*k - 7 - 5. Let l be a(13). Determine d(l).
-24
Let q(i) = -i**2 + 79*i + 1632. Let w be q(96). Let h(t) = -2*t - 1 + 3*t - 1 - 2. Determine h(w).
-4
Let f(c) = -c**3 - 8*c**2 - 8*c. Let r(g) = -g**2 - g - 8. Let x(l) = l. Let d(t) = r(t) + 2*x(t). Let q be d(3). Let p = q - -7. Calculate f(p).
7
Let p(b) be the third derivative of -13*b**4/24 + 47*b**3/3 - 788*b**2 + b. Give p(7).
3
Let i(k) = 7*k**3 - 12*k + 3. Let d(u) = 16*u**3 - 3*u**2 - 25*u + 5. Let p(w) = -3*d(w) + 7*i(w). Let m be p(-10). Let x(j) = j**2 + 7*j + 10. Give x(m).
-2
Let g be ((-510)/75)/((-1)/(-15)). Let w = 106 + g. Let p(l) = -4*l + 10. Calculate p(w).
-6
Let j(n) = -3*n - 1 + 0*n**3 + n + 4*n**2 - n**3. Let h be j(3). Let o(w) = 2*w + 1. Let f(m) = -11*m - 6. Let a(z) = f(z) + 4*o(z). Determine a(h).
-8
Let q(n) = 4*n - 1 - 12*n + 8*n - 4*n. What is q(9)?
-37
Let a(q) be the first derivative of -8*q - 9/2*q**2 + 1/3*q**3 - 6. Determine a(9).
-8
Suppose -906*i - 132 = -884*i. Let q(m) = -m**2 + 3*m + 48. Calculate q(i).
-6
Suppose -28*k = 18*k. Suppose 34*p - 33*p - 3 = k. Let t(z) = z**3 - 4*z**2 - z + 3. Give t(p).
-9
Let i(k) = 7*k**3 - 33*k**2 - 23*k + 11. Let t(o) = 2*o**3 - 11*o**2 - 8*o + 4. Let j(p) = 3*i(p) - 10*t(p). Give j(-10).
-17
Let u(m) = -4*m. Let t(h) = 5*h - 2. Let v(o) = 4*t(o) + 4*u(o). Let i = 1725 + -1718. Determine v(i).
20
Let y(m) = m**2 - 5*m + 3. Let a = 326 + -316. Suppose 0 = -3*b - 4*x + 19, -9 = a*b - 11*b - 4*x. Give y(b).
3
Let m be (27/(-12))/(12/(-32)) + -3. Let x(b) = -b**2 + 12*b + 2. Let y be x(12). Let z(t) = -2 + 7*t + 5 - 4*t - 2*t**y + 0. Give z(m).
-6
Let y(q) = 2*q**3 + 4*q**2 - 2*q - 7. Let z = 23509 + -23511. Determine y(z).
-3
Suppose 4*c = 5*z - 136 - 64, 10 = 2*c. Let h(u) = -21*u - 22*u + z*u - 15. Let m be h(9). Let q(n) = -n**2 - 7*n - 7. What is q(m)?
-1
Let m be 35/((-1680)/128)*(1 - -2). Let n(f) = -4*f - 5*f - f**2 + 92 - 89. What is n(m)?
11
Let w(p) = p**2 + 27 + 93*p - 1 + 95*p + 11 - 174*p. Give w(-5).
-8
Let x(r) be the first derivative of -7/2*r**2 + 103 - 3*r. Give x(-1).
4
Suppose -5*w - 63*u = -65*u - 57, 46 = 5*w - u. Let v(k) = 4*k + 8. Let j be -10*3/(-15)*2. Let x(f) = 3*f + 8. Let c(r) = j*v(r) - 5*x(r). Calculate c(w).
-1
Suppose -3*h + 3*z = -0*h - 51, 0 = 4*z + 4. Suppose 3*w + 5*d = 7*d + 10, h = 4*w - 4*d. Let f(q) = -q**3 + 5*q**2 - q - 3. Calculate f(w).
7
Let r = -1659 + 1656. Let a(l) = l**3 - l**2 + 14*l + 5*l**2 - 13*l. Give a(r).
6
Let k(l) = 127*l - 246*l - 7 + 130*l - 3. Calculate k(1).
1
Let s(t) = 41475*t + 76 + 41479*t - 82948*t. Calculate s(-11).
10
Let t(b) = b**2 + 4*b - 2. Let m be t(-5). Let d(l) be the third derivative of l**5/20 - l**4/8 + 2*l**3/3 + 5704*l**2. What is d(m)?
22
Let g(q) = -103*q**2 - 5*q + 28. Let x(t) = 86*t**2 + 5*t - 27. Let d(p) = -5*g(p) - 6*x(p). What is d(3)?
-2
Let q(v) be the second derivative of -113*v + 2/3*v**3 - 3*v**2 + 0. Give q(-6).
-30
Suppose 508 + 508 = 39*y + 88*y. Let t(j) = -4*j - 8 - 4*j + 18*j - 11*j. Determine t(y).
-16
Let w(k) be the first derivative of k**2 + 17. Let x be w(1). Let s(z) = 3*z**2 - 2*z**2 - 2*z**3 + z**3 - x. Calculate s(2).
-6
Let z = 15 + -10. Let o = 9 - 7. Let n(k) = -z*k**3 + o*k**3 - 4*k**3. Determine n(1).
-7
Let w(m) be the first derivative of -2*m**2 + 20*m + 9. Let f be w(6). Let d(u) be the second derivative of u**4/12 + u**3 + u**2/2 + 16*u. Give d(f).
-7
Suppose -53*w + 399 + 25 = 0. Let u(l) = -13*l + 99. Give u(w).
-5
Let h(k) = -k - 2. Let u(q) = -7. Let d = -249 + 251. Let g(p) = d*h(p) - u(p). Let l(m) = -2*m**2 - m. Let i be l(1). Give g(i).
9
Let i(p) = 14347*p + 10 - p**2 + 14348*p - 71757*p + 14349*p + 14348*p + 14351*p. Suppose 2*x + 12 = -18. Give i(x).
-5
Suppose -14 = -r + 2*i + 9, 0 = r + 2*i - 23. Suppose 36*t + 26 = r*t. Let c(g) = 5*g**2 + 2*g. Give c(t).
16
Let j(s) = -s**3 - 5*s**2 - s + 4. Let b be j(-5). Let r(m) = -7*m + m**2 - m + 78 - m - m - 67. Determine r(b).
2
Let m(h) = 19*h**3 + 2*h**2 + 2*h. Let b be (18/54)/(2/(-4)*(-2)/(-3)). Determine m(b).
-19
Let x(t) = -728*t + 294*t + 457*t. Let p = -5 - 2. Let g = -6 - p. Calculate x(g).
23
Let m(a) be the third derivative of -5/8*a**4 + 0 - 72*a**2 + 0*a - 1/3*a**3. Calculate m(-1).
13
Let t(u) = u**3 - 9*u**2 - u + 13. Let d(f) = 21*f + 25. Let i(p) = 4*p + 1. Let g(c) = -d(c) + 5*i(c). Let s be g(-29). What is t(s)?
4
Let p(q) be the first derivative of 2*q**3/3 + 10*q**2 - 21*q - 298. Determine p(-11).
1
Let b(g) = -3